**3 - 3*n**2 + 4*n - 12. Determine p(-5).
18
Let p(h) = -h**2 - 8*h + 10. Calculate p(-9).
1
Let u(l) = l**2 - 8*l - 19. Calculate u(9).
-10
Let b(v) = -11*v + 5. Calculate b(-2).
27
Let g(y) = y**3 - 13*y**2 - 15*y - 3. What is g(14)?
-17
Let p(v) = v**3 - 2*v**2 - 5*v. Calculate p(4).
12
Let i(x) = 7*x - 2. What is i(2)?
12
Let o(d) = 2*d**2 - 18*d + 6. Calculate o(9).
6
Let o(x) = -x**3 + 16*x**2 - 14*x - 14. Calculate o(15).
1
Let q(f) = 18*f + 82. Give q(-6).
-26
Let z(w) = -2*w**3 + 9*w**2 - 2*w + 8. Give z(4).
16
Let d(v) = v**3 + 10*v**2 - 4*v. Determine d(-10).
40
Let f(x) = -x**3 - 8*x**2 - 6*x + 13. What is f(-7)?
6
Let j(i) = -i**3 + i**2 - 2*i + 1. What is j(-2)?
17
Let v(r) = -r**2 - 30*r - 6. What is v(-30)?
-6
Let s(p) = -2*p - 11. Determine s(-6).
1
Let b(t) = -12*t**2 - 5*t + 3. What is b(2)?
-55
Let k(y) = -y**2 + 28*y - 38. Give k(25).
37
Let d(c) = -2*c - 4. Calculate d(-14).
24
Let n(m) = 21*m - 1. What is n(-1)?
-22
Let t(o) = -24*o - 5. Give t(-1).
19
Let b(o) = -o**3 - 9*o**2 + 11*o + 10. What is b(-8)?
-142
Let f(u) = -u**3 + 22*u + 6. What is f(-4)?
-18
Let h(j) = -j**3 + 17*j**2 - 12*j - 1. Give h(16).
63
Let m(d) = -d**2 + 3*d + 33. Calculate m(8).
-7
Let s(j) = 2*j**3 - 6*j**2 + 2*j - 4. Calculate s(4).
36
Let w(j) = -j**2 + 6*j - 7. What is w(8)?
-23
Let u(t) = t + 57. What is u(23)?
80
Let a(q) = -q**2 - 2*q + 7. What is a(-5)?
-8
Let l(d) = d**3 + 15*d**2 + 42*d - 12. Determine l(-4).
-4
Let k(y) = 3*y**2 - 178*y + 220. Calculate k(58).
-12
Let p(h) = 2*h**3 - 21*h**2 + h + 30. Calculate p(10).
-60
Let v(k) = -k**3 - 5*k**2 + 21*k + 51. Determine v(-7).
2
Let b(p) = p**2 - 4*p - 3. Give b(-1).
2
Let o(q) = 2*q**2 + 4*q - 3. Calculate o(2).
13
Let l(i) = -6*i. Give l(1).
-6
Let u(s) = -104*s - 311. Determine u(-3).
1
Let s(l) = l - 1. Calculate s(-3).
-4
Let v(p) = p**3 - p**2 - 3*p - 2. Determine v(0).
-2
Let l(u) = 5*u + 8. What is l(-8)?
-32
Let y(x) = x**3 + 4*x**2 + 6. Give y(-5).
-19
Let z(w) = w**3 + 20*w**2 - 28. Give z(-20).
-28
Let v(k) = -k**2 - 4*k - 4. Give v(-5).
-9
Let p(j) = -j**2 - 3*j + 214. Give p(-16).
6
Let j(m) = -m**2 + 7*m + 26. Give j(10).
-4
Let a(j) = 10*j - 3. What is a(-1)?
-13
Let l(x) = x**2 - 20*x + 80. Give l(13).
-11
Let k(m) = m**2 - 15*m - 1. Calculate k(15).
-1
Let i(s) = -2*s**2 - 10*s + 54. Determine i(-9).
-18
Let t(r) = -6*r**2 - r - 1. What is t(-1)?
-6
Let s(u) = -72*u - 12. Give s(0).
-12
Let w(m) = -m**2 + 30*m - 31. What is w(29)?
-2
Let g(m) = -5*m**3 + 4*m**2 - m - 5. Give g(-1).
5
Let m(l) = 2*l - 12. What is m(6)?
0
Let p(c) = c - 23. What is p(22)?
-1
Let j(h) = -h + 4. Give j(2).
2
Let o(g) = -g - 21. What is o(-11)?
-10
Let k(h) = h**2 - 9*h - 6. Give k(9).
-6
Let g(x) = 7*x - 64. Calculate g(12).
20
Let l(i) = 14*i - 143. What is l(11)?
11
Let g(j) = 4*j**2 + 3*j - 16. Give g(-6).
110
Let h(c) = c + 33. What is h(36)?
69
Let p(m) = m**3 + 18*m**2 - 18*m + 31. What is p(-19)?
12
Let l(c) = c**3 - 12*c**2 - 12*c - 10. Calculate l(13).
3
Let y(h) = -h**3 - h**2 + 12. What is y(0)?
12
Let t(h) = 3*h - 99. Give t(26).
-21
Let t(d) = -2*d**2 - 3*d - 2. Calculate t(-1).
-1
Let x(b) = -13*b + 253. Give x(20).
-7
Let p(m) = m**2 - 7*m + 2. Give p(8).
10
Let y(d) = -2*d + 1. Give y(-2).
5
Let b(y) = y**3 - 8*y**2 + 10*y - 19. Give b(8).
61
Let y(m) = 3*m**3 - 8*m**2 - 7*m + 10. Give y(4).
46
Let s(r) = 12*r + 98. Determine s(-8).
2
Let y(q) = 26*q - 395. Calculate y(15).
-5
Let x(v) = v**3 - 27*v**2 - 30*v + 38. What is x(28)?
-18
Let a(k) = 6*k**3 + k**2 + 12*k - 14. Give a(1).
5
Let b(g) = -2*g + 1. Give b(5).
-9
Let t(j) = -14*j + 110. What is t(7)?
12
Let o(x) = -2*x**3 - 8*x**2 - 4*x - 7. Calculate o(-4).
9
Let k(j) = -23*j - 12. Determine k(-4).
80
Let f(o) = o**2 - 2*o + 2. What is f(-3)?
17
Let u(r) = 9*r - 10. Calculate u(-5).
-55
Let l(r) = -3*r + 3. Calculate l(-7).
24
Let s(v) = -v**3 - 5*v**2 + 9*v - 1. Calculate s(-6).
-19
Let f(a) = -a**2 + 5*a - 3. Determine f(3).
3
Let j(n) = n**2 - 4*n - 290. Give j(-15).
-5
Let a(f) = -2*f + 6. What is a(5)?
-4
Let w(r) = 7*r - 1. Give w(1).
6
Let c(g) = -g**3 - 29*g**2 + 28*g - 39. What is c(-30)?
21
Let p(y) = -y**3 + 18*y**2 + 44*y - 86. What is p(20)?
-6
Let c(n) = -42*n + 805. Give c(19).
7
Let r(m) = m**2 - 12*m + 11. What is r(9)?
-16
Let g(v) = -2*v**3 + 50*v**2 - 4*v + 94. What is g(25)?
-6
Let j(y) = -2*y**3 + 3*y**2 + 7*y + 11. Calculate j(4).
-41
Let t(g) = -2*g**2 + 4*g - 3. Give t(2).
-3
Let x(o) = o**3 + o**2 - 2*o + 8. Give x(0).
8
Let d(f) = -7*f + 1. What is d(2)?
-13
Let o(y) = -y**2 - 9*y - 2. Calculate o(-5).
18
Let h(k) = -11*k + 2. What is h(7)?
-75
Let a(u) = u**3 + 8*u**2 + 6*u - 7. Give a(-7).
0
Let c(n) = -n**2 - 53*n + 161. Give c(3).
-7
Let l(h) = -3*h + 71. Calculate l(19).
14
Let o(j) = -3*j**3 + j. Calculate o(-1).
2
Let d(y) = -3*y**2 + 20*y - 15. Calculate d(6).
-3
Let s(d) = d**2 + 45*d + 243. Give s(-38).
-23
Let k(i) = i**2 + 4*i - 170. Determine k(11).
-5
Let s(c) = -c**2 + 5*c - 1. What is s(8)?
-25
Let s(p) = p**3 - 23*p**2 + 2*p - 3. What is s(23)?
43
Let d(n) = -2*n**2 - 2*n - 3. Give d(4).
-43
Let x(r) = -r + 11. Determine x(9).
2
Let q(u) = 5*u - 2. What is q(-7)?
-37
Let u(s) = s**2 + 11*s - 15. Determine u(-9).
-33
Let c(z) = z**3 - 15*z**2 + 16*z - 13. What is c(14)?
15
Let q(j) = j**2 - 9*j - 13. Determine q(10).
-3
Let k(j) = 137*j**3 - 3*j**2 + 5*j - 3. Determine k(1).
136
Let p(a) = 19*a + 273. Give p(-14).
7
Let d(x) = -x**3 + 12*x**2 + 7*x + 11. Give d(13).
-67
Let k(q) = -q**3 + 9*q**2 - 2*q. Calculate k(9).
-18
Let h(i) = i**2 - 18*i + 7. Determine h(22).
95
Let l(u) = u**3 + 41*u**2 + 41*u + 32. Give l(-40).
-8
Let s(d) = -29*d**2 + 2*d - 1. Calculate s(1).
-28
Let q(k) = -k**3 - k**2 + k. Give q(-2).
2
Let h(z) = z**3 + 12*z**2 - 9*z + 34. Calculate h(-13).
-18
Let g(x) = 7*x**2 - 25*x + 82. What is g(4)?
94
Let z(a) = -a**2 + 5*a - 2. Calculate z(3).
4
Let u(c) = c**2 + 10*c + 6. Determine u(-8).
-10
Let s(d) = -d**3 + 6*d**2 - 9*d + 9. Calculate s(3).
9
Let q(y) = y**2 + 7*y + 19. Determine q(-9).
37
Let y(k) = -k**3 - 9*k**2 - 9*k - 6. What is y(-8)?
2
Let a(i) = -5*i + 66. What is a(13)?
1
Let b(k) = k**2 - 8*k - 12. Give b(5).
-27
Let v(b) = 6*b**3 + 4*b**2 - 4*b - 1. What is v(-3)?
-115
Let h(r) = -r**3 + 25*r**2 - 26*r + 43. Determine h(24).
-5
Let i(g) = 7*g**2 - 5*g + 2. What is i(1)?
4
Let u(a) = -2*a**3 - 68*a**2 + 67*a - 110. What is u(-35)?
-5
Let u(z) = z**3 - 23*z**2 + 43*z - 49. What is u(21)?
-28
Let s(x) = 5*x**3 + 56*x**2 + 11*x + 18. Give s(-11).
18
Let d(y) = -2*y**2 + 3*y - 2. Give d(-6).
-92
Let h(x) = 3*x - 6. Give h(2).
0
Let d(t) = 4*t**3 + t**2 - 3*t - 4. Determine d(-1).
-4
Let v(y) = y**3 + 8*y**2 + 10*y + 3. Calculate v(-7).
-18
Let s(j) = -j**3 + 5*j**2 - 3*j + 4. What is s(3)?
13
Let k(d) = 33*d + 433. What is k(-13)?
4
Let g(k) = 8*k**2 + 1. Calculate g(-1).
9
Let f(i) = 53*i**2 - 1. Calculate f(-1).
52
Let m(h) = 3*h**3 + 77*h**2 - 28*h - 55. Determine m(-26).
-3
Let i(o) = o**2 - 20*o - 7. Calculate i(21).
14
Let l(a) = a**3 - 8*a**2 - 12*a + 7. Give l(8).
-89
Let v(l) = -l**2 + 6*l - 10. Determine v(4).
-2
Let z(n) = -n**2 - 9*n + 10. Determine z(-8).
18
Let b(t) = t**2 + 6*t + 2. What is b(-6)?
2
Let f(y) = -20*y**2 - y - 2. Calculate f(-1).
-21
Let x(l) = -l - 4. What is x(-6)?
2
Let v(k) = -8*k + 71. What is v(13)?
-33
Let s(l) = 11*l + 3. Calculate s(-2).
-19
Let w(m) = m**2 + 6*m + 13. What is w(-4)?
5
Let k(r) = -r**3 + 6*r**2 - r - 1. Calculate k(1).
3
Let g(l) = -4*l - 1. Give g(1).
-5
Let s(p) = 4*p**2. Determine s(1).
4
Let p(f) = -4*f + 30. Determine p(11).
-14
Let g(r) = r - 4. Give g(-3).
-7
Let x(m) = -m**3 - 5*m**2 + 6*m + 6. What is x(-6)?
6
Let a(m) = -6*m**3 - 4*m**2 + 3*m. What is a(2)?
-58
Let o(x) = -6*x + 8. Calculate o(-6).
44
Let b(l) = l**3 - 5*l**2 - 9*l + 12. Determine b(6).
-6
Let p(h) = -6*h**2 + 2*h - 4. Give p(2).
-24
Let f(v) = v**3 - 4*v**2 - 17*v + 17. Calculate f(8).
137
Let x(n) = 6*n**2 - 2*n - 9. Determine x(-3).
51
Let v(a) = a**3 + 27*a**2 - a - 19. Give v(-27).
8
Let k(y) = 5*y**2 + 4*y - 5. What is k(-4)?
59
Let h(a) = -2*a + 21. Give h(13).
-5
Let z(c) = -c**2 + 3*c + 1. Give z(5).
-9
Let t(l) = -l**3 + 2*l**2 + l. What is t(3)?
-6
Let v(y) = y. Calculate v(5).
5
Let u(y) = 6*y 